{"id":395,"date":"2024-07-31T18:18:11","date_gmt":"2024-07-31T18:18:11","guid":{"rendered":"https:\/\/yayasannurulyakin.sch.id\/?page_id=395"},"modified":"2024-07-31T18:18:13","modified_gmt":"2024-07-31T18:18:13","slug":"cytotec-en-cali-misoprostol-cali-venta-uso-y-guia-actual-2024","status":"publish","type":"page","link":"https:\/\/yayasannurulyakin.sch.id\/?page_id=395","title":{"rendered":"CYTOTEC EN CALI | MISOPROSTOL CALI, VENTA, USO Y GUIA ACTUAL 2024"},"content":{"rendered":"\n<h1 class=\"wp-block-heading\"><a href=\"https:\/\/cytoteccali.org\">CYTOTEC EN CALI | MISOPROSTOL CALI, VENTA, USO Y GUIA ACTUAL 2024 <\/a> <\/h1>\n\n\n\n<p><strong><a href=\"https:\/\/cytoteccali.org\">CLIK AQUI ASESORIA CYTOTEC CALI GRATIS <\/a><\/strong> <\/p>\n\n\n\n<h2 class=\"wp-block-heading\"><br>Comprar Cytotec en cali 2024 , es posible ? Aqui te lo contamos <\/h2>\n\n\n\n<p>Resolvemos los problemas de las mujeres que est\u00e1n experimentando un embarazo no deseado y\u00a0<strong>comprar Cytotec original y aut\u00e9ntico<\/strong>\u00a0se ha vuelto mucho m\u00e1s f\u00e1cil, facilitamos la compra a las mujeres que realmente necesitan someterse a un aborto con medicamentos.<\/p>\n\n\n\n<p>El f\u00e1rmaco\u00a0<strong>Cytotec<\/strong>\u00a0(Misoprostol) es el m\u00e9todo m\u00e1s seguro y eficaz del mundo, y en Brasil es el sistema m\u00e1s utilizado por las mujeres con un 92% de efectividad y que no produce efectos indeseados a corto ni a largo plazo.<\/p>\n\n\n\n<p><strong><a href=\"https:\/\/cytoteccali.org\">CLIK AQUI ASESORIA CYTOTEC CALI GRATIS <\/a><\/strong> <\/p>\n\n\n\n<p>Actualmente, los pa\u00edses latinoamericanos est\u00e1n optando por la interrupci\u00f3n del embarazo con medicamentos y el m\u00e1s com\u00fan&nbsp;<strong>Cytotec<\/strong>&nbsp;&nbsp;(Misoprostol), debido a la efectividad y seguridad que ofrece en todos los aspectos, al ser un m\u00e9todo muy econ\u00f3mico y confiable que no afecta la salud ni \u00bfProduce efectos no deseados?<\/p>\n\n\n\n<p>Se puede utilizar en la comodidad del hogar sin que suponga ning\u00fan tipo de intervenci\u00f3n de ning\u00fan tipo.<\/p>\n\n\n\n<h2 class=\"wp-block-heading\">Contraindicaciones de <a href=\"http:\/\/www.mercalab.eafit.edu.co\/cytotec-cali-donde-comprar-cytotec-en-cali-guia-de-uso-cytotec-cali-2024\/\">Cytotec<\/a><\/h2>\n\n\n\n<ul class=\"wp-block-list\">\n<li>Anemias cr\u00f3nicas<\/li>\n\n\n\n<li>No debe usarse en pacientes con DIU (Dispositivo Intrauterino) debe retirarse antes de usar Misoprostol.<\/li>\n\n\n\n<li>Ces\u00e1reas recientes (menos de 6 meses)<\/li>\n\n\n\n<li>Fallos en la coagulaci\u00f3n sangu\u00ednea normal.<\/li>\n\n\n\n<li>Embarazo ect\u00f3pico (embarazo extrauterino)<\/li>\n\n\n\n<li>M\u00e1s de 12 semanas de gestaci\u00f3n (No se utiliza en embarazos mayores a 3 meses)<\/li>\n\n\n\n<li>P\u00farpura trombocitop\u00e9nica idiop\u00e1tica (reducci\u00f3n de plaquetas en la sangre)<\/li>\n\n\n\n<li>Embarazos que duran menos de 55 d\u00edas desde el primer d\u00eda de la \u00faltima menstruaci\u00f3n (no tiene efecto o se reduce en un 50%, al no estar a\u00fan alojado el saco gestacional en el \u00fatero)<\/li>\n\n\n\n<li><strong><a href=\"https:\/\/cytoteccali.org\">CLIK AQUI ASESORIA CYTOTEC CALI GRATIS <\/a><\/strong> <\/li>\n<\/ul>\n\n\n\n<p>Cada persona debe conocer su historial m\u00e9dico antes de&nbsp;<strong>comprar Cytotec<\/strong>&nbsp;, aunque es un medicamento muy confiable y seguro, existen condiciones importantes que limitan el uso del medicamento. Siempre se debe contar con asesoramiento m\u00e9dico previo para evitar futuras complicaciones.<\/p>\n\n\n\n<h2 class=\"wp-block-heading\">Presentaci\u00f3n de Cytotec<\/h2>\n\n\n\n<p>Aunque existen muchas falsificaciones del propio\u00a0<strong>Cytotec<\/strong>\u00a0y muchas personas interesadas en\u00a0<strong>comprar Cytotec<\/strong>\u00a0pueden estar comprando un medicamento falso.<\/p>\n\n\n\n<p>El medicamento\u00a0<strong><a href=\"https:\/\/cytoteccali.org\" target=\"_blank\" rel=\"noreferrer noopener\">Cytotec Original<\/a><\/strong>\u00a0viene en un blister de metal plateado envasado al vac\u00edo, cada blister tiene 14 comprimidos hexagonales con el n\u00famero 1461, cuentan con registro sanitario vigente, fecha de fabricaci\u00f3n y fecha de vencimiento. En esta secci\u00f3n podr\u00e1s encontrar la imagen del medicamento\u00a0<strong>100% original<\/strong>\u00a0, muchas personas alteran, falsifican y venden medicamentos vencidos o alterados, debes asegurarte que la p\u00e1gina sea reconocida y confiable.<\/p>\n\n\n\n<h2 class=\"wp-block-heading\">M\u00e9todo de uso de las pastillas abortivas Cytotec<\/h2>\n\n\n\n<p>El medicamento\u00a0<strong>Cytotec<\/strong>\u00a0(Misoprostol) no debe usarse indiscriminadamente, ni tampoco en mayor cantidad de la adecuada para ser m\u00e1s efectivo, no es en eso en lo que consiste. No utilizar m\u00e1s cantidad es m\u00e1s efectivo.\u00a0<\/p>\n\n\n\n<p><strong><a href=\"https:\/\/cytoteccali.org\">CLIK AQUI ASESORIA CYTOTEC CALI GRATIS <\/a><\/strong> <\/p>\n\n\n\n<p>Se debe determinar el tiempo exacto para su uso y as\u00ed garantizar su efectividad, cada persona debe contabilizar su embarazo tomando como referencia el primer d\u00eda de la \u00faltima menstruaci\u00f3n, si a la fecha es de 55 a 60, puede utilizar 4 tabletas, entre 61 y 65 d\u00edas son 6 comprimidos, 66 a 78 d\u00edas son 8 comprimidos, entre 79 a 99 d\u00edas son 12 comprimidos.&nbsp;<\/p>\n\n\n\n<p>Sin exceder el plazo. Si has olvidado la fecha del primer d\u00eda de tu \u00faltimo periodo menstrual, puedes realizarte una ecograf\u00eda (ecograf\u00eda transvaginal), o un an\u00e1lisis de sangre beta cuantitativo que indica un tiempo aproximado de gestaci\u00f3n.<\/p>\n\n\n\n<p>Cuando la persona realiza la compra, enviamos un manual de instrucciones en l\u00ednea que es guiado y dirigido por un experto en el tema. Si hay alguna duda sobre el uso del misoprostol, respondemos lo m\u00e1s r\u00e1pido posible.<\/p>\n\n\n\n<p><strong><a href=\"https:\/\/cytoteccali.org\">CLIK AQUI ASESORIA CYTOTEC CALI GRATIS <\/a><\/strong>  <\/p>\n\n\n\n<p>MAS INFO : <a href=\"http:\/\/www.mercalab.eafit.edu.co\/cytotec-cali-donde-comprar-cytotec-en-cali-guia-de-uso-cytotec-cali-2024\/\">http:\/\/www.mercalab.eafit.edu.co\/cytotec-cali-donde-comprar-cytotec-en-cali-guia-de-uso-cytotec-cali-2024\/<\/a><\/p>\n","protected":false},"excerpt":{"rendered":"<p>CYTOTEC EN CALI | MISOPROSTOL CALI, VENTA, USO Y GUIA ACTUAL 2024 CLIK AQUI ASESORIA CYTOTEC CALI GRATIS Comprar Cytotec en cali 2024 , es posible ? Aqui te lo contamos Resolvemos los problemas de las mujeres que est\u00e1n experimentando un embarazo no deseado y\u00a0comprar Cytotec original y aut\u00e9ntico\u00a0se ha vuelto mucho m\u00e1s f\u00e1cil, facilitamos [&hellip;]<\/p>\n","protected":false},"author":2,"featured_media":0,"parent":0,"menu_order":0,"comment_status":"closed","ping_status":"closed","template":"","meta":{"footnotes":""},"class_list":["post-395","page","type-page","status-publish","hentry"],"yoast_head":"<!-- This site is optimized with the Yoast SEO plugin v18.9 - https:\/\/yoast.com\/wordpress\/plugins\/seo\/ -->\n<title>CYTOTEC EN CALI | MISOPROSTOL CALI, VENTA, USO Y GUIA ACTUAL 2024 - Yayasan nurulyakin<\/title>\n<meta name=\"description\" content=\"CYTOTEC EN CALI | MISOPROSTOL CALI, VENTA, USO Y GUIA ACTUAL 2024 | Comprar Cytotec en cali 2024 , es posible ? Aqui te lo contamos\" \/>\n<meta name=\"robots\" content=\"index, follow, max-snippet:-1, max-image-preview:large, max-video-preview:-1\" \/>\n<link rel=\"canonical\" href=\"https:\/\/yayasannurulyakin.sch.id\/?page_id=395\" \/>\n<meta property=\"og:locale\" content=\"en_US\" \/>\n<meta property=\"og:type\" content=\"article\" \/>\n<meta property=\"og:title\" content=\"CYTOTEC EN CALI | MISOPROSTOL CALI, VENTA, USO Y GUIA ACTUAL 2024 - Yayasan nurulyakin\" \/>\n<meta property=\"og:description\" content=\"CYTOTEC EN CALI | MISOPROSTOL CALI, VENTA, USO Y GUIA ACTUAL 2024 | Comprar Cytotec en cali 2024 , es posible ? Aqui te lo contamos\" \/>\n<meta property=\"og:url\" content=\"https:\/\/yayasannurulyakin.sch.id\/?page_id=395\" \/>\n<meta property=\"og:site_name\" content=\"Yayasan nurulyakin\" \/>\n<meta property=\"article:modified_time\" content=\"2024-07-31T18:18:13+00:00\" \/>\n<meta name=\"twitter:card\" content=\"summary_large_image\" \/>\n<meta name=\"twitter:label1\" content=\"Est. reading time\" \/>\n\t<meta name=\"twitter:data1\" content=\"3 minutes\" \/>\n<script type=\"application\/ld+json\" class=\"yoast-schema-graph\">{\"@context\":\"https:\/\/schema.org\",\"@graph\":[{\"@type\":\"WebSite\",\"@id\":\"https:\/\/yayasannurulyakin.sch.id\/#website\",\"url\":\"https:\/\/yayasannurulyakin.sch.id\/\",\"name\":\"Yayasan nurulyakin\",\"description\":\"Yayasan nurulyakin\",\"potentialAction\":[{\"@type\":\"SearchAction\",\"target\":{\"@type\":\"EntryPoint\",\"urlTemplate\":\"https:\/\/yayasannurulyakin.sch.id\/?s={search_term_string}\"},\"query-input\":\"required name=search_term_string\"}],\"inLanguage\":\"en-US\"},{\"@type\":\"WebPage\",\"@id\":\"https:\/\/yayasannurulyakin.sch.id\/?page_id=395#webpage\",\"url\":\"https:\/\/yayasannurulyakin.sch.id\/?page_id=395\",\"name\":\"CYTOTEC EN CALI | MISOPROSTOL CALI, VENTA, USO Y GUIA ACTUAL 2024 - Yayasan nurulyakin\",\"isPartOf\":{\"@id\":\"https:\/\/yayasannurulyakin.sch.id\/#website\"},\"datePublished\":\"2024-07-31T18:18:11+00:00\",\"dateModified\":\"2024-07-31T18:18:13+00:00\",\"description\":\"CYTOTEC EN CALI | MISOPROSTOL CALI, VENTA, USO Y GUIA ACTUAL 2024 | Comprar Cytotec en cali 2024 , es posible ? Aqui te lo contamos\",\"breadcrumb\":{\"@id\":\"https:\/\/yayasannurulyakin.sch.id\/?page_id=395#breadcrumb\"},\"inLanguage\":\"en-US\",\"potentialAction\":[{\"@type\":\"ReadAction\",\"target\":[\"https:\/\/yayasannurulyakin.sch.id\/?page_id=395\"]}]},{\"@type\":\"BreadcrumbList\",\"@id\":\"https:\/\/yayasannurulyakin.sch.id\/?page_id=395#breadcrumb\",\"itemListElement\":[{\"@type\":\"ListItem\",\"position\":1,\"name\":\"Home\",\"item\":\"https:\/\/yayasannurulyakin.sch.id\/\"},{\"@type\":\"ListItem\",\"position\":2,\"name\":\"CYTOTEC EN CALI | MISOPROSTOL CALI, VENTA, USO Y GUIA ACTUAL 2024\"}]}]}<\/script>\n<!-- \/ Yoast SEO plugin. -->","yoast_head_json":{"title":"CYTOTEC EN CALI | MISOPROSTOL CALI, VENTA, USO Y GUIA ACTUAL 2024 - Yayasan nurulyakin","description":"CYTOTEC EN CALI | MISOPROSTOL CALI, VENTA, USO Y GUIA ACTUAL 2024 | Comprar Cytotec en cali 2024 , es posible ? Aqui te lo contamos","robots":{"index":"index","follow":"follow","max-snippet":"max-snippet:-1","max-image-preview":"max-image-preview:large","max-video-preview":"max-video-preview:-1"},"canonical":"https:\/\/yayasannurulyakin.sch.id\/?page_id=395","og_locale":"en_US","og_type":"article","og_title":"CYTOTEC EN CALI | MISOPROSTOL CALI, VENTA, USO Y GUIA ACTUAL 2024 - Yayasan nurulyakin","og_description":"CYTOTEC EN CALI | MISOPROSTOL CALI, VENTA, USO Y GUIA ACTUAL 2024 | Comprar Cytotec en cali 2024 , es posible ? Aqui te lo contamos","og_url":"https:\/\/yayasannurulyakin.sch.id\/?page_id=395","og_site_name":"Yayasan nurulyakin","article_modified_time":"2024-07-31T18:18:13+00:00","twitter_card":"summary_large_image","twitter_misc":{"Est. reading time":"3 minutes"},"schema":{"@context":"https:\/\/schema.org","@graph":[{"@type":"WebSite","@id":"https:\/\/yayasannurulyakin.sch.id\/#website","url":"https:\/\/yayasannurulyakin.sch.id\/","name":"Yayasan nurulyakin","description":"Yayasan nurulyakin","potentialAction":[{"@type":"SearchAction","target":{"@type":"EntryPoint","urlTemplate":"https:\/\/yayasannurulyakin.sch.id\/?s={search_term_string}"},"query-input":"required name=search_term_string"}],"inLanguage":"en-US"},{"@type":"WebPage","@id":"https:\/\/yayasannurulyakin.sch.id\/?page_id=395#webpage","url":"https:\/\/yayasannurulyakin.sch.id\/?page_id=395","name":"CYTOTEC EN CALI | MISOPROSTOL CALI, VENTA, USO Y GUIA ACTUAL 2024 - Yayasan nurulyakin","isPartOf":{"@id":"https:\/\/yayasannurulyakin.sch.id\/#website"},"datePublished":"2024-07-31T18:18:11+00:00","dateModified":"2024-07-31T18:18:13+00:00","description":"CYTOTEC EN CALI | MISOPROSTOL CALI, VENTA, USO Y GUIA ACTUAL 2024 | Comprar Cytotec en cali 2024 , es posible ? Aqui te lo contamos","breadcrumb":{"@id":"https:\/\/yayasannurulyakin.sch.id\/?page_id=395#breadcrumb"},"inLanguage":"en-US","potentialAction":[{"@type":"ReadAction","target":["https:\/\/yayasannurulyakin.sch.id\/?page_id=395"]}]},{"@type":"BreadcrumbList","@id":"https:\/\/yayasannurulyakin.sch.id\/?page_id=395#breadcrumb","itemListElement":[{"@type":"ListItem","position":1,"name":"Home","item":"https:\/\/yayasannurulyakin.sch.id\/"},{"@type":"ListItem","position":2,"name":"CYTOTEC EN CALI | MISOPROSTOL CALI, VENTA, USO Y GUIA ACTUAL 2024"}]}]}},"_links":{"self":[{"href":"https:\/\/yayasannurulyakin.sch.id\/index.php?rest_route=\/wp\/v2\/pages\/395","targetHints":{"allow":["GET"]}}],"collection":[{"href":"https:\/\/yayasannurulyakin.sch.id\/index.php?rest_route=\/wp\/v2\/pages"}],"about":[{"href":"https:\/\/yayasannurulyakin.sch.id\/index.php?rest_route=\/wp\/v2\/types\/page"}],"author":[{"embeddable":true,"href":"https:\/\/yayasannurulyakin.sch.id\/index.php?rest_route=\/wp\/v2\/users\/2"}],"replies":[{"embeddable":true,"href":"https:\/\/yayasannurulyakin.sch.id\/index.php?rest_route=%2Fwp%2Fv2%2Fcomments&post=395"}],"version-history":[{"count":1,"href":"https:\/\/yayasannurulyakin.sch.id\/index.php?rest_route=\/wp\/v2\/pages\/395\/revisions"}],"predecessor-version":[{"id":397,"href":"https:\/\/yayasannurulyakin.sch.id\/index.php?rest_route=\/wp\/v2\/pages\/395\/revisions\/397"}],"wp:attachment":[{"href":"https:\/\/yayasannurulyakin.sch.id\/index.php?rest_route=%2Fwp%2Fv2%2Fmedia&parent=395"}],"curies":[{"name":"wp","href":"https:\/\/api.w.org\/{rel}","templated":true}]}}